{"id":20,"date":"2005-05-22T19:52:19","date_gmt":"2005-05-22T16:52:19","guid":{"rendered":"http:\/\/mad.lt\/cosmos\/?page_id=20"},"modified":"2005-05-23T00:35:16","modified_gmt":"2005-05-22T21:35:16","slug":"pirmoji-misija","status":"publish","type":"page","link":"http:\/\/mad.lt\/cosmos\/?page_id=20","title":{"rendered":"Pirmoji Misija!!!"},"content":{"rendered":"<p><strong>\u0160tai ir i\u0161au\u0161o diena! At\u0117jo vasara!<img title=\"emoticon\" alt=\"emoticon\" src=\"http:\/\/mad.lt\/cosmos\/wp-content\/plugins\/Wysi-Wordpress\/plugins\/emotions\/images\/clap.gif\" border=\"0\" \/><\/strong><\/p>\n<p>Ta proga kosmonautai nedelsdami i\u0161siruo\u0161\u0117 \u012f kosmodrom\u0105 pirmiesiems \u0161i\u0173 met\u0173 bandomiesiems skryd\u017eiams. <\/p>\n<p><strong>Misijos dalyviai:<\/strong><\/p>\n<p>kosmonautai: Strielka, Bielka, Gagarinas,<\/p>\n<p>in\u017einierius Fizrukas,<\/p>\n<p>misijos kandidatai: Kaman\u0117, Linalina, E\u017eiukas, Robotas Verteris.<\/p>\n<p>Pateikiame misijos ataskait\u0105:<\/p>\n<p><img loading=\"lazy\" title=\"strielka.jpg\" style=\"width: 600px; height: 399px\" height=\"399\" alt=\"strielka.jpg\" hspace=\"5\" src=\"http:\/\/mad.lt\/cosmos\/wp-content\/images\/strielka.jpg\" width=\"600\" border=\"0\" \/><\/p>\n<p>Kosmonaut\u0117 Strielka Misijai pasiry\u017eusi! Tarnauju Erdvei ir T\u0117vynei!<\/p>\n<p><img loading=\"lazy\" title=\"kosmonautes.jpg\" style=\"width: 600px; height: 399px\" height=\"399\" alt=\"kosmonautes.jpg\" hspace=\"5\" src=\"http:\/\/mad.lt\/cosmos\/wp-content\/images\/kosmonautes.jpg\" width=\"600\" border=\"0\" \/><\/p>\n<p>Gra\u017euol\u0117s kosmonaut\u0117s galvoja apie kosmos\u0105!<\/p>\n<p><img loading=\"lazy\" title=\"kamane_1.jpg\" style=\"width: 600px; height: 399px\" height=\"399\" alt=\"kamane_1.jpg\" hspace=\"5\" src=\"http:\/\/mad.lt\/cosmos\/wp-content\/images\/kamane_1.jpg\" width=\"600\" border=\"0\" \/><\/p>\n<p>Kaman\u0117s akyse &#8211; TIKSLAS<\/p>\n<p><img loading=\"lazy\" title=\"belka.jpg\" style=\"width: 600px; height: 399px\" height=\"399\" alt=\"belka.jpg\" hspace=\"5\" src=\"http:\/\/mad.lt\/cosmos\/wp-content\/images\/belka.jpg\" width=\"600\" border=\"0\" \/><\/p>\n<p>Va toks didelis kosmonautas Bielka<\/p>\n<p><img loading=\"lazy\" title=\"linalina_1.jpg\" style=\"width: 600px; height: 399px\" height=\"399\" alt=\"linalina_1.jpg\" hspace=\"5\" src=\"http:\/\/mad.lt\/cosmos\/wp-content\/images\/linalina_1.jpg\" width=\"600\" border=\"0\" \/><\/p>\n<p>Misijos kandidat\u0117 Linalina dar nepakilusi treniruojasi k\u016bno pratimus<\/p>\n<p><img loading=\"lazy\" title=\"pakelta-kamane.jpg\" style=\"width: 600px; height: 399px\" height=\"399\" alt=\"pakelta-kamane.jpg\" hspace=\"5\" src=\"http:\/\/mad.lt\/cosmos\/wp-content\/images\/pakelta-kamane.jpg\" width=\"600\" border=\"0\" \/><\/p>\n<p>Lengvoji misijos kandidat\u0117 Kaman\u0117 tiesia rankas \u012f dang\u0173<\/p>\n<p><img loading=\"lazy\" title=\"eziukas_1.jpg\" style=\"width: 399px; height: 600px\" height=\"600\" alt=\"eziukas_1.jpg\" hspace=\"5\" src=\"http:\/\/mad.lt\/cosmos\/wp-content\/images\/eziukas_1.jpg\" width=\"399\" border=\"0\" \/><\/p>\n<p>E\u017eiukas Misijai pasiruo\u0161\u0119s!<\/p>\n<p><img loading=\"lazy\" title=\"fizrukas_2.jpg\" style=\"width: 399px; height: 600px\" height=\"600\" alt=\"fizrukas_2.jpg\" hspace=\"5\" src=\"http:\/\/mad.lt\/cosmos\/wp-content\/images\/fizrukas_2.jpg\" width=\"399\" border=\"0\" \/><\/p>\n<p>Fizrukas demonstruoja j\u0117gos pratim\u0105<\/p>\n<p><img loading=\"lazy\" title=\"robot-verter.jpg\" style=\"width: 399px; height: 600px\" height=\"600\" alt=\"robot-verter.jpg\" hspace=\"5\" src=\"http:\/\/mad.lt\/cosmos\/wp-content\/images\/robot-verter.jpg\" width=\"399\" border=\"0\" \/><\/p>\n<p>Robotas Verteris i\u0161eina \u012f atvir\u0105 kosmos\u0105<\/p>\n<p><img loading=\"lazy\" title=\"kojeles2.jpg\" style=\"width: 600px; height: 399px\" height=\"399\" alt=\"kojeles2.jpg\" hspace=\"5\" src=\"http:\/\/mad.lt\/cosmos\/wp-content\/images\/kojeles2.jpg\" width=\"600\" border=\"0\" \/><\/p>\n<p>Va taip &#8211; pasaulis po kojom<\/p>\n<p><img loading=\"lazy\" title=\"dangus.jpg\" style=\"width: 600px; height: 399px\" height=\"399\" alt=\"dangus.jpg\" hspace=\"5\" src=\"http:\/\/mad.lt\/cosmos\/wp-content\/images\/dangus.jpg\" width=\"600\" border=\"0\" \/><\/p>\n<p>T\u0117vi\u0161k\u0117s toliai<\/p>\n<p><img loading=\"lazy\" title=\"sparnas.jpg\" style=\"width: 600px; height: 399px\" height=\"399\" alt=\"sparnas.jpg\" hspace=\"5\" src=\"http:\/\/mad.lt\/cosmos\/wp-content\/images\/sparnas.jpg\" width=\"600\" border=\"0\" \/><\/p>\n<p>\u0160tai kosmoso platyb\u0117s<\/p>\n<p>&nbsp;<\/p>\n<p><img loading=\"lazy\" title=\"dreamer.jpg\" style=\"width: 400px; height: 266px\" height=\"266\" alt=\"dreamer.jpg\" hspace=\"5\" src=\"http:\/\/mad.lt\/cosmos\/wp-content\/images\/dreamer.jpg\" width=\"400\" align=\"middle\" border=\"0\" \/><\/p>\n<p>I dream of cosmos&#8230;<\/p>\n","protected":false},"excerpt":{"rendered":"<p>\u0160tai ir i\u0161au\u0161o diena! At\u0117jo vasara! Ta proga kosmonautai nedelsdami i\u0161siruo\u0161\u0117 \u012f kosmodrom\u0105 pirmiesiems \u0161i\u0173 met\u0173 bandomiesiems skryd\u017eiams. Misijos dalyviai: kosmonautai: Strielka, Bielka, Gagarinas, in\u017einierius Fizrukas, misijos kandidatai: Kaman\u0117, Linalina, E\u017eiukas, Robotas Verteris. Pateikiame misijos ataskait\u0105: Kosmonaut\u0117 Strielka Misijai pasiry\u017eusi! Tarnauju Erdvei ir T\u0117vynei! Gra\u017euol\u0117s kosmonaut\u0117s galvoja apie kosmos\u0105! Kaman\u0117s akyse &#8211; TIKSLAS Va toks [&hellip;]<\/p>\n","protected":false},"author":1,"featured_media":0,"parent":0,"menu_order":0,"comment_status":"open","ping_status":"open","template":"","meta":[],"_links":{"self":[{"href":"http:\/\/mad.lt\/cosmos\/index.php?rest_route=\/wp\/v2\/pages\/20"}],"collection":[{"href":"http:\/\/mad.lt\/cosmos\/index.php?rest_route=\/wp\/v2\/pages"}],"about":[{"href":"http:\/\/mad.lt\/cosmos\/index.php?rest_route=\/wp\/v2\/types\/page"}],"author":[{"embeddable":true,"href":"http:\/\/mad.lt\/cosmos\/index.php?rest_route=\/wp\/v2\/users\/1"}],"replies":[{"embeddable":true,"href":"http:\/\/mad.lt\/cosmos\/index.php?rest_route=%2Fwp%2Fv2%2Fcomments&post=20"}],"version-history":[{"count":0,"href":"http:\/\/mad.lt\/cosmos\/index.php?rest_route=\/wp\/v2\/pages\/20\/revisions"}],"wp:attachment":[{"href":"http:\/\/mad.lt\/cosmos\/index.php?rest_route=%2Fwp%2Fv2%2Fmedia&parent=20"}],"curies":[{"name":"wp","href":"https:\/\/api.w.org\/{rel}","templated":true}]}}