{"id":55,"date":"2005-07-11T21:41:16","date_gmt":"2005-07-11T18:41:16","guid":{"rendered":"http:\/\/mad.lt\/cosmos\/?page_id=55"},"modified":"2005-07-11T21:44:54","modified_gmt":"2005-07-11T18:44:54","slug":"kralikui-prisiminti","status":"publish","type":"page","link":"http:\/\/mad.lt\/cosmos\/?page_id=55","title":{"rendered":"Kraliko transformacija"},"content":{"rendered":"<p>Nuotraukoje misijai &quot;transformacija &#8211; kralikas&quot; pasiruo\u0161usi kandidat\u0117.<\/p>\n<p><img loading=\"lazy\" title=\"kralikas1.jpg\" style=\"width: 400px; height: 266px\" height=\"266\" alt=\"kralikas1.jpg\" hspace=\"5\" src=\"http:\/\/mad.lt\/cosmos\/wp-content\/images\/kralikas1.jpg\" width=\"400\" border=\"0\" \/><\/p>\n<p>Patapti kraliku yra nepaprastai sud\u0117tinga. Reikia i\u0161treniruoti savo burn\u0105, kad joje&nbsp;tilpt\u0173 cigare\u010di\u0173 pakelis. <\/p>\n<p>Pratim\u0105 demonstruoja kosmonaut\u0117 Strielka.<\/p>\n<p><img loading=\"lazy\" title=\"strielka_moko.jpg\" style=\"width: 400px; height: 266px\" height=\"266\" alt=\"strielka_moko.jpg\" hspace=\"5\" src=\"http:\/\/mad.lt\/cosmos\/wp-content\/images\/strielka_moko.jpg\" width=\"400\" border=\"0\" \/><\/p>\n<p>(Warning! Do not try this at home! These stunts are performed by trained professionals)<\/p>\n<p><img loading=\"lazy\" title=\"kralikas2.jpg\" style=\"width: 400px; height: 266px\" height=\"266\" alt=\"kralikas2.jpg\" hspace=\"5\" src=\"http:\/\/mad.lt\/cosmos\/wp-content\/images\/kralikas2.jpg\" width=\"400\" border=\"0\" \/><\/p>\n<p>Misijos kandidatas Kralikas duoda priesaik\u0105.<\/p>\n<p><img loading=\"lazy\" title=\"kralikas5.jpg\" style=\"width: 400px; height: 266px\" height=\"266\" alt=\"kralikas5.jpg\" hspace=\"5\" src=\"http:\/\/mad.lt\/cosmos\/wp-content\/images\/kralikas5.jpg\" width=\"400\" border=\"0\" \/><\/p>\n<p>&quot;Man dar ausy\u010di\u0173 reik\u0117t\u0173&#8230;.&quot;<\/p>\n<p><img loading=\"lazy\" title=\"kralikas6.jpg\" style=\"width: 400px; height: 266px\" height=\"266\" alt=\"kralikas6.jpg\" hspace=\"5\" src=\"http:\/\/mad.lt\/cosmos\/wp-content\/images\/kralikas6.jpg\" width=\"400\" border=\"0\" \/><\/p>\n<p>Stebuklingas aus\u0173 auginimo g\u0117rimas.<\/p>\n<p><img loading=\"lazy\" title=\"kralikas3.jpg\" style=\"width: 400px; height: 601px\" height=\"601\" alt=\"kralikas3.jpg\" hspace=\"5\" src=\"http:\/\/mad.lt\/cosmos\/wp-content\/images\/kralikas3.jpg\" width=\"400\" border=\"0\" \/><\/p>\n<p>Kralikui pradeda dygti ausys.<\/p>\n<p><img loading=\"lazy\" title=\"kralikas4.jpg\" style=\"width: 400px; height: 601px\" height=\"601\" alt=\"kralikas4.jpg\" hspace=\"5\" src=\"http:\/\/mad.lt\/cosmos\/wp-content\/images\/kralikas4.jpg\" width=\"400\" border=\"0\" \/><\/p>\n<p>Kralikas visam gra\u017eume. HAPPY ENDAS.<\/p>\n<p><img loading=\"lazy\" title=\"kralikas_1.jpg\" style=\"width: 400px; height: 601px\" height=\"601\" alt=\"kralikas_1.jpg\" hspace=\"5\" src=\"http:\/\/mad.lt\/cosmos\/wp-content\/images\/kralikas_1.jpg\" width=\"400\" border=\"0\" \/><\/p>\n","protected":false},"excerpt":{"rendered":"<p>Nuotraukoje misijai &quot;transformacija &#8211; kralikas&quot; pasiruo\u0161usi kandidat\u0117. Patapti kraliku yra nepaprastai sud\u0117tinga. Reikia i\u0161treniruoti savo burn\u0105, kad joje&nbsp;tilpt\u0173 cigare\u010di\u0173 pakelis. Pratim\u0105 demonstruoja kosmonaut\u0117 Strielka. (Warning! Do not try this at home! These stunts are performed by trained professionals) Misijos kandidatas Kralikas duoda priesaik\u0105. &quot;Man dar ausy\u010di\u0173 reik\u0117t\u0173&#8230;.&quot; Stebuklingas aus\u0173 auginimo g\u0117rimas. Kralikui pradeda dygti ausys. [&hellip;]<\/p>\n","protected":false},"author":2,"featured_media":0,"parent":0,"menu_order":0,"comment_status":"open","ping_status":"closed","template":"","meta":[],"_links":{"self":[{"href":"http:\/\/mad.lt\/cosmos\/index.php?rest_route=\/wp\/v2\/pages\/55"}],"collection":[{"href":"http:\/\/mad.lt\/cosmos\/index.php?rest_route=\/wp\/v2\/pages"}],"about":[{"href":"http:\/\/mad.lt\/cosmos\/index.php?rest_route=\/wp\/v2\/types\/page"}],"author":[{"embeddable":true,"href":"http:\/\/mad.lt\/cosmos\/index.php?rest_route=\/wp\/v2\/users\/2"}],"replies":[{"embeddable":true,"href":"http:\/\/mad.lt\/cosmos\/index.php?rest_route=%2Fwp%2Fv2%2Fcomments&post=55"}],"version-history":[{"count":0,"href":"http:\/\/mad.lt\/cosmos\/index.php?rest_route=\/wp\/v2\/pages\/55\/revisions"}],"wp:attachment":[{"href":"http:\/\/mad.lt\/cosmos\/index.php?rest_route=%2Fwp%2Fv2%2Fmedia&parent=55"}],"curies":[{"name":"wp","href":"https:\/\/api.w.org\/{rel}","templated":true}]}}